{"id":3644,"date":"2024-08-16T10:37:19","date_gmt":"2024-08-16T10:37:19","guid":{"rendered":"https:\/\/www.promis.com.pl\/sklep\/?post_type=product&#038;p=3644"},"modified":"2024-08-16T10:37:20","modified_gmt":"2024-08-16T10:37:20","slug":"pr21-pudelko-ozdobne-z-uchwytem","status":"publish","type":"product","link":"https:\/\/www.promis.com.pl\/sklep\/p\/pr21-pudelko-ozdobne-z-uchwytem\/","title":{"rendered":"PR21 Pude\u0142ko ozdobne z uchwytem"},"content":{"rendered":"<p>MATERIA\u0141:<br \/>\n\u25ba Tektura falista z fal\u0105 E 385 g\/m2 kaszerowana papierem ozdobnym<br \/>\n\u25ba Tektura falista 3-warstwowa z fal\u0105 E 385 g\/m2 kaszerowana papierem z zadrukiem offsetowym (full color)<br \/>\n\u25ba Tektura pr\u0105\u017ckowana (fala N) 4-warstwowa o gramaturze 485 g\/m2 w kolorze naturalnym lub bia\u0142ym<\/p>\n<p>WYMIARY:<br \/>\n\u25ba 330x240x120 mm<br \/>\nOPCJE DODATKOWE:<br \/>\n\u25ba wk\u0142adka tekturowa<\/p>\n","protected":false},"excerpt":{"rendered":"<p>Du\u017ce, praktyczne i eleganckie pude\u0142ko prezentowe z uchwytem z mocnej ta\u015bmy lub sznurka. Idealne do zapakowania tekstyli\u00f3w typu koc czy bluza. Przy zastosowaniu wk\u0142adki tekturowej, kt\u00f3ra zapobiegnie przemieszczaniu si\u0119 przedmiot\u00f3w wewn\u0105trz pude\u0142ka, mo\u017cna w nie zapakowa\u0107 r\u00f3wnie\u017c inne produkty, np. 3 butelki wina lub dowolny zestaw prezentowy sk\u0142adaj\u0105cy si\u0119 np. z alkoholu, s\u0142odyczy, kawy, itp.<br \/>\nTransport w postaci p\u0142askiej, pude\u0142ka do samodzielnego z\u0142o\u017cenia (bez u\u017cycia kleju).<\/p>\n","protected":false},"featured_media":3648,"template":"","meta":{"_seopress_robots_primary_cat":"none"},"product_cat":[178],"product_tag":[],"k":[],"t-dlugosc":[],"t-szerokosc":[],"acf":[],"_links":{"self":[{"href":"https:\/\/www.promis.com.pl\/sklep\/wp-json\/wp\/v2\/product\/3644"}],"collection":[{"href":"https:\/\/www.promis.com.pl\/sklep\/wp-json\/wp\/v2\/product"}],"about":[{"href":"https:\/\/www.promis.com.pl\/sklep\/wp-json\/wp\/v2\/types\/product"}],"wp:featuredmedia":[{"embeddable":true,"href":"https:\/\/www.promis.com.pl\/sklep\/wp-json\/wp\/v2\/media\/3648"}],"wp:attachment":[{"href":"https:\/\/www.promis.com.pl\/sklep\/wp-json\/wp\/v2\/media?parent=3644"}],"wp:term":[{"taxonomy":"product_cat","embeddable":true,"href":"https:\/\/www.promis.com.pl\/sklep\/wp-json\/wp\/v2\/product_cat?post=3644"},{"taxonomy":"product_tag","embeddable":true,"href":"https:\/\/www.promis.com.pl\/sklep\/wp-json\/wp\/v2\/product_tag?post=3644"},{"taxonomy":"k","embeddable":true,"href":"https:\/\/www.promis.com.pl\/sklep\/wp-json\/wp\/v2\/k?post=3644"},{"taxonomy":"t-dlugosc","embeddable":true,"href":"https:\/\/www.promis.com.pl\/sklep\/wp-json\/wp\/v2\/t-dlugosc?post=3644"},{"taxonomy":"t-szerokosc","embeddable":true,"href":"https:\/\/www.promis.com.pl\/sklep\/wp-json\/wp\/v2\/t-szerokosc?post=3644"}],"curies":[{"name":"wp","href":"https:\/\/api.w.org\/{rel}","templated":true}]}}